igit of 403490592?
0
What is the tens digit of 3109031?
3
What is the thousands digit of 14250975?
0
What is the thousands digit of 82643699?
3
What is the thousands digit of 126191003?
1
What is the millions digit of 55514288?
5
What is the hundred thousands digit of 19163345?
1
What is the tens digit of 3348825418?
1
What is the thousands digit of 88681489?
1
What is the ten thousands digit of 2194970011?
7
What is the hundred thousands digit of 1154596107?
5
What is the ten thousands digit of 327863875?
6
What is the thousands digit of 1070637669?
7
What is the ten millions digit of 24143126?
2
What is the millions digit of 139967471?
9
What is the hundred millions digit of 1201388634?
2
What is the thousands digit of 1979116954?
6
What is the ten millions digit of 64545950?
6
What is the ten thousands digit of 126728597?
2
What is the hundred thousands digit of 876347172?
3
What is the billions digit of 3009270741?
3
What is the hundreds digit of 2549314032?
0
What is the hundreds digit of 693466946?
9
What is the hundred thousands digit of 3008018?
0
What is the thousands digit of 384466259?
6
What is the ten thousands digit of 45393707?
9
What is the hundreds digit of 349510676?
6
What is the millions digit of 229538145?
9
What is the ten millions digit of 201612720?
0
What is the ten thousands digit of 4461971637?
7
What is the units digit of 406823229?
9
What is the tens digit of 44053051?
5
What is the millions digit of 830424916?
0
What is the hundred millions digit of 3446178770?
4
What is the tens digit of 5284623001?
0
What is the ten thousands digit of 2289340708?
4
What is the ten thousands digit of 99044912?
4
What is the hundreds digit of 2086407033?
0
What is the units digit of 100564847?
7
What is the ten thousands digit of 4307159042?
5
What is the tens digit of 5196442982?
8
What is the ten thousands digit of 75039953?
3
What is the units digit of 758896254?
4
What is the thousands digit of 169654418?
4
What is the tens digit of 122922309?
0
What is the hundred thousands digit of 183220013?
2
What is the units digit of 131778436?
6
What is the thousands digit of 17908176?
8
What is the units digit of 4382056?
6
What is the thousands digit of 36698859?
8
What is the millions digit of 20491312?
0
What is the hundred millions digit of 1609642311?
6
What is the millions digit of 27139134?
7
What is the units digit of 133330007?
7
What is the tens digit of 2092446449?
4
What is the millions digit of 1054926476?
4
What is the hundred thousands digit of 76783548?
7
What is the millions digit of 297467180?
7
What is the ten thousands digit of 171031003?
3
What is the hundred thousands digit of 268145791?
1
What is the units digit of 13471233?
3
What is the hundred thousands digit of 12779171?
7
What is the ten millions digit of 161868292?
6
What is the thousands digit of 2081684477?
4
What is the hundreds digit of 170606413?
4
What is the ten millions digit of 81513563?
8
What is the ten millions digit of 95496946?
9
What is the millions digit of 313422324?
3
What is the ten millions digit of 721288367?
2
What is the ten millions digit of 776580953?
7
What is the billions digit of 2169552661?
2
What is the millions digit of 732999143?
2
What is the units digit of 184856068?
8
What is the units digit of 1339466970?
0
What is the tens digit of 799162629?
2
What is the hundreds digit of 120710707?
7
What is the hundreds digit of 30199192?
1
What is the tens digit of 1204625088?
8
What is the hundred millions digit of 1036396077?
0
What is the units digit of 302082265?
5
What is the billions digit of 3813225337?
3
What is the ten millions digit of 121826509?
2
What is the hundreds digit of 105298924?
9
What is the millions digit of 56049546?
6
What is the thousands digit of 607827340?
7
What is the millions digit of 3112735754?
2
What is the thousands digit of 39573221?
3
What is the ten millions digit of 6773607971?
7
What is the hundred thousands digit of 42968296?
9
What is the thousands digit of 1404011845?
1
What is the units digit of 73330951?
1
What is the thousands digit of 60983141?
3
What is the hundreds digit of 65174001?
0
What is the hundred thousands digit of 34359283?
3
What is the thousands digit of 1264886965?
6
What is the thousands digit of 28058029?
8
What is the units digit of 90391576?
6
What is the millions digit of 554342202?
4
What is the units digit of 1085634379?
9
What is the tens digit of 340968010?
1
What is the hundreds digit of 78027908?
9
What is the hundred thousands digit of 634124766?
1
What is the hundreds digit of 7113879074?
0
What is the hundred millions digit of 1167531803?
1
What is the hundred millions digit of 102352127?
1
What is the hundred millions digit of 484402529?
4
What is the ten thousands digit of 2921619877?
1
What is the hundreds digit of 868536110?
1
What is the thousands digit of 25933712?
3
What is the ten millions digit of 520968871?
2
What is the millions digit of 323906164?
3
What is the units digit of 16323402?
2
What is the millions digit of 62429285?
2
What is the ten millions digit of 33371560?
3
What is the ten thousands digit of 57443689?
4
What is the hundred millions digit of 453284098?
4
What is the thousands digit of 139990425?
0
What is the hundreds digit of 2851887465?
4
What is the ten millions digit of 616458943?
1
What is the millions digit of 2699072026?
9
What is the units digit of 40189825?
5
What is the thousands digit of 848320092?
0
What is the millions digit of 196537375?
6
What is the thousands digit of 30929999?
9
What is the ten millions digit of 70447564?
7
What is the thousands digit of 43932486?
2
What is the tens digit of 36858514?
1
What is the tens digit of 248921333?
3
What is the ten thousands digit of 3727413966?
1
What is the hundreds digit of 66247945?
9
What is the ten thousands digit of 486737557?
3
What is the units digit of 212625819?
9
What is the thousands digit of 550368090?
8
What is the billions digit of 1224403964?
1
What is the units digit of 2222410223?
3
What is the millions digit of 4483938630?
3
What is the hundred thousands digit of 166694167?
6
What is the hundreds digit of 180163666?
6
What is the thousands digit of 2591023446?
3
What is the tens digit of 26307984?
8
What is the ten thousands digit of 46597444?
9
What is the ten millions digit of 55113744?
5
What is the billions digit of 6503978337?
6
What is the tens digit of 199751151?
5
What is the tens digit of 4393340674?
7
What is the hundred millions digit of 123975875?
1
What is the hundreds digit of 133763878?
8
What is the tens digit of 19617924?
2
What is the millions digit of 66090178?
6
What is the billions digit of 1219749020?
1
What is the ten millions digit of 5150571940?
5
What is the hundreds digit of 4736620281?
2
What is the hundred thousands digit of 11092198?
0
What is the thousands digit of 26768484?
8
What is the tens digit of 162068597?
9
What is the millions digit of 942758961?
2
What is the hundreds digit of 2797812507?
5
What is the units digit of 34513604?
4
What is the millions digit of 875095750?
5
What is the millions digit of 1300746463?
0
What is the tens digit of 49954563?
6
What is the millions digit of 130467871?
0
What is the hundred thousands digit of 2024432991?
4
What is the tens digit of 3457033?
3
What is the ten thousands digit of 3869328839?
2
What is the hundred thousands digit of 436508262?
5
What is the tens digit of 2002411784?
8
What is the units digit of 296734726?
6
What is the ten millions digit of 124710576?
2
What is the hundred thousands digit of 22868055?
8
What is the ten thousands digit of 2251676967?
7
What is the units digit of 184778182?
2
What is the hundred thousands digit of 33408784?
4
What is the tens digit of 146601224?
2
What is the tens digit of 48060022?
2
What is the billions digit of 1001428905?
1
What is the billions digit of 3194741627?
3
What is the hundred millions digit of 120042505?
1
What is the millions digit of 4282043934?
2
What is the hundred millions digit of 413175738?
4
What is the hundred millions digit of 4107053652?
1
What is the thousands digit of 47427450?
7
What is the millions digit of 142444293?
2
What is the ten thousands digit of 2391648116?
4
What is the ten millions di